at is (-6 - 0) + 2 + 16 + -10?
2
What is the value of -8 + (-4 + 24 - 2) + -2?
8
24 - 9 - (-7 + 13)
9
21 - (-19 + 66) - -31
5
(7 - 18) + (30 - 7)
12
Evaluate -32 + 50 + -4 + -5.
9
What is the value of 10 + (-6 - (-26 + 12)) + -4?
14
What is the value of 505 + -539 + (-1 + 0 - -17)?
-18
What is 0 + -5 + 8 + -17?
-14
What is -20 + 29 + 6 + 11?
26
Calculate 9 + 0 - 1 - (-24 - 23 - -42).
13
Evaluate -118 + 125 + (0 - 12).
-5
Evaluate -6 + -2 + 1 + 0 + 491 + -488.
-4
What is 7 - (3 - (-14 + 15) - 9)?
14
What is the value of -44 + 31 + -3 + 7 + -3?
-12
Calculate (-38 - (3 - 35) - (-1 + 2)) + 25.
18
What is 20 + (-2 - 9 - (17 - 23)) - 3?
12
What is the value of 7 + 2 + (103 - 109)?
3
-7 - ((8 - 7) + -5)
-3
What is 9 + 16 + 1 - -12 - (0 - -9)?
29
Evaluate -4 + -7 + -12 + (3 - -9).
-11
Calculate -2 + -4 + -5 + (3 - 7).
-15
Evaluate -3 - ((43 - 56) + -2 + 17).
-5
Evaluate (-4 - ((-18 + 10 - -12) + -8)) + 5.
5
(-1 - 0 - 7) + -4123 + 4123
-8
What is (-11 - 0) + -14 + 28 + -24?
-21
Evaluate 2 + -21 + 11 + 2 + -56 + 45.
-17
What is 54 + 10 - 31 - 29?
4
What is the value of -13 + -32 + -74 + 101?
-18
Calculate 1 + (-43 + 75 - 39) + 1 + -22.
-27
Evaluate 8 - 0 - (-160 - -172).
-4
What is (-8 - (1 + 2)) + -26 + 58?
21
What is (12 - (-17 - -20)) + (1 - 11)?
-1
Calculate 36 - 2 - ((45 - 51) + -1 + 12).
29
What is (9 - 0) + (178 - 167) + 0?
20
What is the value of (89 - 80) + (0 - 5)?
4
Calculate (0 - 7) + 35 + 11 + -29.
10
What is the value of 64 + -72 - (-11 - 2)?
5
What is the value of 18 - (-17 - -34) - (3 + 6)?
-8
(0 - (1 - (-7 + 6) - -4)) + -5
-11
-1 + -4 - (40 + -49) - (2 + -20)
22
Evaluate -11 + 19 + -1 + (-14 - -13).
6
7 + 4 + (-24 - -17) + 4 + 5
13
What is (-8 - -18 - 3) + -5 - 5?
-3
Evaluate -4 + -7 + -3 + (-44 - -58).
0
Calculate -8 + (38 - 48) + 29 + 1.
12
What is -10 - 0 - (3 + -5 - -2)?
-10
Evaluate 13 + -4 + -9 + (4 - 8).
-4
What is -11 - (-22 + (15 - -10))?
-14
13 - (3 - 1) - (-2 + 0 + 3)
10
0 - -9 - (-5 + (2 - -1) + -6)
17
-2 + -16 + 36 + 17 + -11
24
What is the value of 1 - (10 - (0 + 17) - 8)?
16
What is the value of (13 + -10 - (0 - 1)) + (162 - 152)?
14
What is the value of 8 - (9 - (-2 - 6 - -14) - -10)?
-5
Evaluate 46 + -10 + -26 + (0 - 14).
-4
What is the value of -32 + -22 + 21 + 11?
-22
What is the value of -29 + 40 + 40 + -77?
-26
What is the value of 2 + 1 - (-32 - (-13 - 21))?
1
Calculate -12 + (6 - (0 + 9 - 17)).
2
What is the value of 19 + (-3 - 0) + (-14 - -9)?
11
Calculate 25 + -37 + -29 - -21.
-20
What is the value of (24 - (3 + 18)) + 13?
16
Evaluate -12 - (-15 - -2) - 9.
-8
Evaluate 12 + (-10 - -10) + -14.
-2
Calculate (-1 - -10) + (20 + 1 - 34 - -11).
7
What is the value of 10 - (-2 + 4 + 3 + -10) - 9?
6
Calculate 6 - (-9 + (-4 + 6 + 4 - 2)).
11
What is (-45 - -12) + 14 - -16?
-3
What is (-23 - (-4 + 3 - 10)) + -9?
-21
What is the value of -8 + -9 + (-1 - (8 - 18))?
-8
What is the value of (-565 - -527) + (-1 - -13)?
-26
Calculate (6 - 1) + (25 - 17).
13
Calculate (-18 - (0 + -21)) + 8.
11
What is the value of (0 - 2 - -6) + 7 + -46 + 27?
-8
What is the value of (8 - (-9 + 21)) + 9?
5
(-2 - -4) + -1 + -45 + 30 + 13
-1
Calculate (2 - 3) + 0 + 2 - (-64 - -81).
-16
Evaluate -23 + (0 - -8) - (-49 - -54).
-20
Evaluate -5 + 7 - (-13 + (17 - (-9 + 9))).
-2
What is the value of -8 + -2 - -7 - (3 - 0)?
-6
What is the value of (48 - 40) + -7 + -6 + 3?
-2
What is the value of -10 + (3 - 0) + (-34 - -30)?
-11
-51 + -13 + 22 + 28
-14
-7 + 10 + (-8 - (-6 + 26)) + 7
-18
Evaluate 14 - (10 - 12 - 13 - -32).
-3
What is the value of (-6 - (0 - -4)) + -28 + (1 - -14)?
-23
What is the value of -5 + 27 + (-4 - (7 + -2))?
13
Calculate (2 - -6) + -26 + 27.
9
What is the value of (1 - (7 - 4)) + 22?
20
What is the value of (-7 + 0 - 1) + 2 - -15?
9
What is -4 + 4 + -8 + 3 + 10 + -12?
-7
-11 - (-15 + 12) - (-18 - (2 - -2))
14
What is the value of 213 - 202 - (-13 - 1 - 2)?
27
(-15 - (-1 + -6) - 0) + 0 - -1
-7
Evaluate (11 - (6 - 0)) + (-3 + 4 - 6).
0
What is -14 - ((-3 - 27) + 5)?
11
What is the value of -2 - (4 + -15 - -2) - (25 - 32)?
14
What is the value of -6 + 2 + (8 - 5 - -30) + -4?
25
What is the value of (20 - (3 - -3)) + -23?
-9
What is (21 - 19) + 0 + -1?
1
What is -6 + (-76 - -75) + -1 + 10 - -3?
5
2 + -9 - -16 - (-31 + 36)
4
What is 9 + (14 - 17) + (3 - 9)?
0
Calculate (-1 - 8) + (12 - -4 - 17).
-10
What is the value of 2 - -2 - (-13 - -23)?
-6
What is -11 - (-16 - (14 - 9 - 4))?
6
Evaluate (12 + -6 - (1 + 1)) + -14 + -1.
-11
Calculate -8 + (5 - (2 + -5)) + -7.
-7
What is the value of (-2 - -2 - -6) + 11 + -24?
-7
What is the value of -143 + 137 + 1 + -2 + 13 - 3?
3
Evaluate (-1 - -1) + -4 + (10 - (7 - -1)).
-2
Evaluate 15 + -2 + -39 + 30.
4
What is the value of (36 + -20 - 36) + 24?
4
Calculate 17 + -36 + 10 - (-20 + -2).
13
-99 + 74 - (-30 + -6)
11
What is 2 + -1 + 5 + (-13 - -18)?
11
Calculate -36 + 0 - (157 - 179).
-14
Calculate (-2 - 0) + (-7 - -5) + 5 + 5.
6
Calculate (-21 - (-47 + 19)) + -4.
3
(-10 - -28 - 24) + 4 + (1 - 3)
-4
Evaluate 3 - -1 - (-3 + (12 - 4) - 5).
4
Evaluate -16 - -3 - ((-45 - -6) + 20).
6
What is (-33 - -3) + -4 + 20?
-14
What is (-11 - ((2 - 13) + -17)) + -4?
13
Calculate -8 + (-15 - -13) + (4 - -3).
-3
Calculate 10 + 4 + 14 + -27.
1
What is (-27 - -1) + 6 + -5 + 7?
-18
What is (2 - (-6 + 9)) + (9 - -1) + 2?
11
Calculate -24 + 1 - (-20 - -4).
-7
Calculate -8 + 76 + -66 + -15 + -1.
-14
What is 0 + 2 - (0 + 12 + (107 - 126))?
9
Calculate 6 + -5 - 24 - (10 + (-13 - -10)).
-30
Calculate 360 + -348 - (-19 - (1 - 3)).
29
8 + (-1 - -25 - (195 - 182))
19
-8 + 3 + 3 + 3 + (13 - 4)
10
What is 4 - (-2 - (12 + -7)) - -7?
18
Calculate -2 + 2 + 18 + -6.
12
Calculate (3 + 25 + 5 - 1) + (-4 - 1).
27
What is 29 - (57 - (25 - 2))?
-5
What is the value of 5 + 1 + -7 + 6?
5
What is the value of -11 + 3 + -3 + 0 + 13?
2
Evaluate (16 - (-6 - -21)) + (-1 - 4).
-4
Calculate (20 - (20 + -5 + -4 + -1)) + -27.
-17
What is the value of 30 - (4 + -7 + 21)?
12
Calculate 10 + -30 + -1 + 29.
8
What is the value of 5 - (0 + -3) - (12 - -1 - -7)?
-12
What is 1 + -18 + -179 + 193 - -10?
7
(-2 - 1 - 2) + -2 + -5 + 1
-11
What is the value of 1260 - 1245 - (1 + 0 + -1)?
15
Calculate 18 + 2 + -8 + 1.
13
Calculate 3 - (4 + -2 - (-62 + 43)).
-18
What is -2 + (307 - 304) + (-4 - (1 + -2))?
-2
(12 - ((11 - 31) + 12)) + -6 + 0
14
Calculate -14 + 58 + -62 - (-51 - 1).
34
Calculate (-4 - 9) + 11 - (-9 - 4).
11
Calculate (82 - (-86 + 179)) + (-1 - 0 - -4).
-8
Evaluate (-20 - -24) + -24 - (-9 + -1).
-10
Calculate 11 - 21 - -10 - 7.
-7
35 - (-16 + 34 + 3)
14
What is 55 + 16 + -58 + 1 + -28?
-14
What is -14 - (-45 - -10) - 16?
5
Calculate 33 + -11 + (-14 - -10).
18
What is -1 - (-6 + 8 - 9 - (-9 - -1))?
-2
-37 - -4 - (-4 + -16 + 8)
-21
(-15 - -4) + 4 + -7 + 15
1
Evaluate 6 - (-5 + (18 - (2 + (-10 - 1)))).
-16
Calculate -29 + (-24 - -47) - (-2 - 16).
12
Evaluate -14 - (-7 + 7 - 0).
-14
(5 - 9) + (3 - -1) + -20
-20
What is -12 + 12 + (-6 - -8) + 3?
5
What is the value of -1 + 16 - (30 + (11 - 10) + -34)?
18
What is -7 - (7 - (-3 + 1 + 3 + -3))?
-16
What is (-24 - (15 - 38)) + (5 - -1)?
5
Evaluate (-4 + 17 - (-1 - (-10 - -3))) + -13.
-6
What is -11 - -5 - -2 - 17 - (-36 - -38)?
-23
What is the value of 33 - (-22 - -49 - -33)?
-27
What is the value of (-5 - -1) + (29 - (0 + 4) - 17)?
4
Evaluate 3 + (-3 - 0) + -2 + (4 - 18).
-16
(-15 + -4 - 5) + 25 + -18
-17
Calculate 6 + -11 + -15 + 14.
-6
What is the value of -11 + 11 + 4 + -13?
-9
-126 - -138 - (1 + 12)
-1
(-14 - (-6 + -1) - -5) + -14
-16
What is the value of -1 + 0 + 4 + (-15 - -27)?
15
(9 - -4) + -16 + -3
-6
What is 1 - -19 - (53 + -129 + 70)?
26
4 + 7 + ((-2 - 2) + 3 - 4)
6
Evaluate (-3 - -3) + -11 + 12 + -6.
-5
Calculate -24 + -1 + -116 + 138.
-3
22 - 15 - (1 - 1)
7
Evaluate 2 + 5 + -8 + -6 - -13.
6
Evaluate (8 - (15 + -5)) + -2.
-4
Evaluate (5 - (7 - (11 - 6))) + 7.
10
Calculate -7 + (-5 - (-48 + -1)) + 0 + -8.
29
Evaluate 6 + (-1 - (-3 - 1) - 2) - 27.
-20
Calculate 11 - (12 + -5 + -7 + 12).
-1
Calculate (-10 - (9 - 0)) + 10 + -3.
-12
Evaluate -2 + (-26 - -15) - -15 - -11.
13
What is -1 + 4 + -6 + 16?
13
Calculate (7 - (14 + -5 + -10 + -13)) + 0.
21
-2 - -2 - (1 - ((7 - 5) + 2))
3
-10 + (8 + -10 - -13) - 4
-3
What is the value of -2 + -24 - (-3 + (40 - 36))?
-27
What is 0 + 5 + (-10 - -22) + (16 - 6)?
27